o base 6.
-40511434
Convert -279825a (base 11) to base 2.
-10010010111000110010011
213216 (base 10) to base 14
579ba
44bd85 (base 15) to base 4
30200310233
Convert -52a47 (base 13) to base 3.
-21120022121
Convert -303233031333 (base 4) to base 14.
-1b3099d
What is -3c490 (base 15) in base 16?
-2f382
-253453303 (base 7) to base 8
-75257444
421544 (base 6) to base 15
a19a
What is 10831b2 (base 13) in base 9?
10465028
What is 212210120101 (base 3) in base 15?
93bdd
403175 (base 14) to base 5
1023103302
What is -238b0 (base 12) in base 8?
-135504
Convert 16b4783 (base 13) to base 7.
116501404
318048 (base 9) to base 10
189584
Convert -171255 (base 9) to base 2.
-11001110110111101
Convert 15747 (base 11) to base 3.
1010110000
4220553 (base 6) to base 2
110010000010110101
Convert -1723463 (base 10) to base 6.
-100534555
What is 44b138 (base 15) in base 9?
6144668
What is -3120020 (base 6) in base 10?
-150348
What is 72a30 (base 12) in base 14?
3c9a4
-16351012 (base 7) to base 16
-184b97
What is -113110613 (base 7) in base 8?
-32433243
Convert -4244 (base 5) to base 8.
-1076
What is -2211330 (base 4) in base 11?
-7a85
What is 3548802 (base 9) in base 14?
38078a
81668 (base 12) to base 2
101001001001110000
Convert -2a302 (base 12) to base 7.
-334361
What is 133508 (base 9) in base 12?
3b098
Convert -10210122011 (base 3) to base 7.
-431065
What is -1045326 (base 7) in base 14?
-350bd
Convert 70652 (base 15) to base 2.
1010110110111011010
-50498 (base 11) to base 8
-220104
Convert 40040455 (base 6) to base 8.
4225363
Convert -1252602 (base 9) to base 16.
-a7102
What is -ab58 (base 16) in base 7?
-241612
56453234 (base 7) to base 5
2223411434
Convert 14430142 (base 5) to base 3.
21212200111
What is 795a89 (base 11) in base 2?
100110101010110010000
Convert -110101120 (base 4) to base 8.
-242130
-217b54 (base 14) to base 13
-309ac4
Convert -2d009 (base 15) to base 8.
-433356
What is 43089 (base 12) in base 13?
31212
Convert 1042112444 (base 5) to base 3.
11022220101012
Convert -11013187 (base 9) to base 4.
-110103220312
What is 662514 (base 7) in base 8?
342736
What is 1504043 (base 7) in base 2?
110001100101001111
What is -11202122011 (base 3) in base 9?
-152564
What is 70480a (base 11) in base 15?
175d74
Convert -3521a5 (base 11) to base 15.
-b0a8b
2942 (base 14) to base 16
1c8e
What is -12018 (base 11) in base 7?
-101334
Convert 13397552 (base 10) to base 11.
7620863
-11315523 (base 6) to base 7
-2665446
-31273076 (base 8) to base 14
-c51378
Convert 14a000 (base 14) to base 9.
1315158
15111 (base 11) to base 3
1002101200
Convert -10132312021 (base 4) to base 12.
-487b21
What is 283c99 (base 13) in base 11?
60a175
Convert -131313300 (base 4) to base 5.
-12403402
23b2152 (base 12) to base 2
11010100000110101001110
-30608 (base 11) to base 2
-1010111001110001
What is 82252 (base 10) in base 11?
56885
What is 110220021100 (base 3) in base 4?
331333002
Convert 54163 (base 11) to base 9.
128875
What is -10282a (base 11) in base 10?
-164713
Convert 49d6c5 (base 14) to base 7.
30352635
What is 1044523 (base 9) in base 13?
16848c
What is 314215 (base 8) in base 11?
71641
Convert -11110111000001111111 (base 2) to base 14.
-1c4a63
Convert -109a48 (base 15) to base 8.
-3013004
Convert -54603530 (base 7) to base 6.
-244311012
What is -2129296 (base 10) in base 4?
-20013312100
Convert 1b10a (base 14) to base 12.
3399a
25353344 (base 6) to base 10
823744
Convert 40ab20 (base 16) to base 6.
230500520
What is -266aa3 (base 15) in base 11?
-1050322
-1814081 (base 9) to base 13
-296347
-1112201200222 (base 3) to base 8
-3104166
What is 2154343 (base 8) in base 16?
8d8e3
What is -147c926 (base 14) in base 3?
-200210021010012
-18a818 (base 11) to base 2
-1000111011001111100
-11056505 (base 7) to base 8
-3512161
What is 695cf (base 16) in base 13?
121586
What is 100225 (base 7) in base 9?
25184
What is 2334130 (base 6) in base 5?
12341241
What is 414020033 (base 5) in base 15?
23a013
What is -2a9868 (base 12) in base 11?
-45333a
What is -1223210332 (base 4) in base 9?
-741387
What is 1231662 (base 7) in base 13?
57591
26200742 (base 8) to base 16
5901e2
What is -50029 (base 11) in base 8?
-217024
-6292599 (base 11) to base 8
-52225424
Convert 13687 (base 12) to base 10.
26887
What is -2348366 (base 9) in base 7?
-13546434
Convert 166321 (base 12) to base 2.
1011101110001001001
Convert -1244111 (base 6) to base 11.
-47350
Convert 23132023010 (base 4) to base 5.
1232212142
Convert -1231314141 (base 5) to base 12.
-1005209
-21000200012020 (base 3) to base 2
-1110001111011101100110
-2c94a (base 15) to base 11
-99089
What is 10732561 (base 9) in base 10?
5217913
Convert -200112210112202 (base 3) to base 8.
-45464267
Convert -262644 (base 7) to base 16.
-bf88
What is -26254623 (base 7) in base 10?
-2400282
What is -cc7b (base 15) in base 13?
-16940
Convert -11120022032 (base 4) to base 3.
-2122121201022
What is 7d2e1 (base 15) in base 3?
202021012111
Convert 1315132 (base 6) to base 2.
10001101011100000
51325552 (base 7) to base 13
b73aba
What is -15953 (base 10) in base 15?
-4ad8
What is -d73d5 (base 14) in base 15?
-a3d61
360312 (base 9) to base 2
110100111010111111
170708 (base 11) to base 12
109009
-60134001 (base 7) to base 14
-934001
What is -44b04 (base 12) in base 6?
-1543204
What is -1014514 (base 6) in base 9?
-74201
Convert -10011010000110011 (base 2) to base 14.
-20a79
1d5b37 (base 16) to base 12
789447
-2002220111 (base 3) to base 4
-22020031
Convert 57720 (base 9) to base 16.
965d
Convert 12057582 (base 10) to base 4.
231333233232
24ab661 (base 12) to base 8
33343751
Convert -14113326 (base 9) to base 4.
-122213110131
What is -21000220201 (base 3) in base 15?
-2b04d
-136c6 (base 13) to base 6
-440104
What is 22201120202101 (base 3) in base 2?
10001101100000100111110
Convert 1945551 (base 11) to base 7.
36636541
What is -2a9057 (base 11) in base 12?
-1b2121
What is 96279 (base 13) in base 11?
1753a3
-7023b (base 14) to base 16
-41c2d
What is 337237 (base 9) in base 12?
98b81
-2414624 (base 7) to base 5
-34302421
Convert 106337 (base 14) to base 2.
10000111011110101101
Convert -1588209 (base 10) to base 3.
-2222200121120
38b5 (base 12) to base 5
201343
Convert 164202 (base 8) to base 13.
21128
What is 13008c0 (base 13) in base 4?
112222232310
-11eabb9 (base 15) to base 2
-110001001100001110101101
What is 4230054 (base 7) in base 14?
d4564
Convert -142140314 (base 5) to base 13.
-1cbb27
What is 100011110111 (base 2) in base 3?
10011000
Convert -101111000111010011 (base 2) to base 11.
-121a96
Convert 328cb (base 13) to base 4.
112113030
Convert -43034 (base 11) to base 5.
-4000334
What is 10352261 (base 7) in base 14?
191268
Convert 11101110011001101 (base 2) to base 8.
356315
Convert 4a698 (base 12) to base 3.
12010211022
Convert -1111100011011010100 (base 2) to base 5.
-112302102
What is -a12 (base 13) in base 5?
-23310
-224063 (base 10) to base 12
-a97bb
What is 11001111111 (base 3) in base 15?
189ba
-c0cb6 (base 15) to base 10
-610371
Convert -3013031322 (base 4) to base 13.
-22754a
What is 549c9 (base 13) in base 10?
153279
What is 2310332 (base 6) in base 11?
80781
Convert -2112112011012 (base 3) to base 2.
-101001001010010011011
398940 (base 11) to base 10
626703
-3530252 (base 6) to base 3
-100021210212
What is 197b21 (base 15) in base 6?
42333551
-12412223 (base 5) to base 4
-131332331
Convert -4b0554 (base 14) to base 12.
-a42152
1795b (base 14) to base 10
59469
What is -a4290 (base 14) in base 15?
-7c36e
What is -1111010010111111011 (base 2) in base 8?
-1722773
Convert -137aa (base 11) to base 10.
-19601
Convert 101001110011001111 (base 2) to base 11.
107700
What is 1321110122 (base 4) in base 10?
496922
What is 58ce (base 16) in base 5?
1211414
What is -2a9bb3a (base 12) in base 13?
-1a46238
-11673205 (base 8) to base 11
-15070a2
What is -1051214344 (base 6) in base 12?
-3a473b4
What is -506092 (base 10) in base 15?
-9ee47
What is -110011111001001101000 (base 2) in base 12?
-6a0088
-15793 (base 16) to base 8
-253623
What is -13031102 (base 5) in base 8?
-370063
Convert -50a76 (base 15) to base 5.
-31133421
553314535 (base 6) to base 11
5695734
1321443301 (base 5) to base 10
3312326
Convert -53695 (base 11) to base 9.
-128027
What is 2012002022211 (base 3